{"id":210,"date":"2024-08-16T18:55:02","date_gmt":"2024-08-16T18:55:02","guid":{"rendered":"https:\/\/observatorioseguridad.com\/?page_id=210"},"modified":"2024-08-16T19:07:32","modified_gmt":"2024-08-16T19:07:32","slug":"aviso-de-privacidad","status":"publish","type":"page","link":"https:\/\/observatorioseguridad.com\/?page_id=210","title":{"rendered":"Aviso de privacidad"},"content":{"rendered":"<div class=\"fusion-fullwidth fullwidth-box fusion-builder-row-1 fusion-flex-container nonhundred-percent-fullwidth non-hundred-percent-height-scrolling\" style=\"--awb-border-radius-top-left:0px;--awb-border-radius-top-right:0px;--awb-border-radius-bottom-right:0px;--awb-border-radius-bottom-left:0px;\" ><div class=\"fusion-builder-row fusion-row fusion-flex-align-items-flex-start\" style=\"max-width:1040px;margin-left: calc(-4% \/ 2 );margin-right: calc(-4% \/ 2 );\"><div class=\"fusion-layout-column fusion_builder_column fusion-builder-column-0 fusion_builder_column_1_1 1_1 fusion-flex-column\" style=\"--awb-bg-size:cover;--awb-width-large:100%;--awb-margin-top-large:0px;--awb-spacing-right-large:1.92%;--awb-margin-bottom-large:0px;--awb-spacing-left-large:1.92%;--awb-width-medium:100%;--awb-spacing-right-medium:1.92%;--awb-spacing-left-medium:1.92%;--awb-width-small:100%;--awb-spacing-right-small:1.92%;--awb-spacing-left-small:1.92%;\"><div class=\"fusion-column-wrapper fusion-flex-justify-content-flex-start fusion-content-layout-column\"><div class=\"fusion-title title fusion-title-1 fusion-sep-none fusion-title-text fusion-title-size-one\" style=\"--awb-text-color:var(--awb-color6);--awb-font-size:var(--awb-typography1-font-size);\"><h1 class=\"title-heading-left\" style=\"font-family:var(--awb-typography1-font-family);font-weight:var(--awb-typography1-font-weight);font-style:var(--awb-typography1-font-style);margin:0;font-size:1em;letter-spacing:var(--awb-typography1-letter-spacing);text-transform:var(--awb-typography1-text-transform);line-height:var(--awb-typography1-line-height);\">Aviso de privacidad<\/h1><\/div><div class=\"fusion-text fusion-text-1\"><p class=\"p1\"><span class=\"s1\"><b>1. Identidad del Responsable<\/b><\/span><\/p>\n<p class=\"p2\"><span class=\"s1\">El responsable del tratamiento de los datos personales proporcionados a trav\u00e9s de este sitio web<span class=\"Apple-converted-space\">\u00a0 <\/span><a href=\"https:\/\/observatorioseguridad.com\/\"><span class=\"s2\">https:\/\/observatorioseguridad.com\/<\/span><\/a> con domicilio en Centenario #1842 Bosques de Tarango cp. 01580, Alvaro Obregon, y correo electr\u00f3nico de contacto medios@observatorioseguridad.com<\/span><\/p>\n<p class=\"p1\"><span class=\"s1\"><b>2. Finalidad del Tratamiento de los Datos Personales<\/b><\/span><\/p>\n<p class=\"p1\"><span class=\"s1\">Los datos personales que recolectamos a trav\u00e9s de esta p\u00e1gina web ser\u00e1n utilizados para las siguientes finalidades:<\/span><\/p>\n<ul>\n<li class=\"li1\"><span class=\"s1\"><b>Gesti\u00f3n de Contactos<\/b>: Responder a las consultas, solicitudes o quejas que los ciudadanos puedan enviar a trav\u00e9s de nuestro formulario de contacto.<\/span><\/li>\n<li class=\"li1\"><span class=\"s1\"><b>Comunicaci\u00f3n<\/b>: Mantener comunicaci\u00f3n con los usuarios en relaci\u00f3n con la solicitud realizada.<\/span><\/li>\n<li class=\"li1\"><span class=\"s1\"><b>Mejora de Servicios<\/b>: Analizar y mejorar la calidad de nuestros servicios y la atenci\u00f3n al ciudadano.<\/span><\/li>\n<\/ul>\n<p class=\"p1\"><span class=\"s1\"><b>3. Datos Personales Recopilados<\/b><\/span><\/p>\n<p class=\"p1\"><span class=\"s1\">Para cumplir con las finalidades mencionadas, podemos recopilar los siguientes datos personales:<\/span><\/p>\n<ul>\n<li class=\"li1\"><span class=\"s1\">Nombre completo<\/span><\/li>\n<li class=\"li1\"><span class=\"s1\">Direcci\u00f3n de correo electr\u00f3nico<\/span><\/li>\n<li class=\"li1\"><span class=\"s1\">N\u00famero de tel\u00e9fono<\/span><\/li>\n<li class=\"li1\"><span class=\"s1\">Otros datos necesarios para atender la consulta o solicitud<\/span><\/li>\n<\/ul>\n<p class=\"p1\"><span class=\"s1\"><b>4. Transferencia de Datos Personales<\/b><\/span><\/p>\n<p class=\"p1\"><span class=\"s1\">No realizaremos transferencias de tus datos personales a terceros, excepto en los casos en que sea necesario para cumplir con la legislaci\u00f3n aplicable o cuando sea requerido para la correcta atenci\u00f3n de tu solicitud.<\/span><\/p>\n<p class=\"p1\"><span class=\"s1\"><b>5. Derechos de los Titulares<\/b><\/span><\/p>\n<p class=\"p1\"><span class=\"s1\">En relaci\u00f3n con los datos personales proporcionados, tienes derecho a:<\/span><\/p>\n<ul>\n<li class=\"li1\"><span class=\"s1\"><b>Acceso<\/b>: Conocer qu\u00e9 datos personales tenemos sobre ti y c\u00f3mo los estamos utilizando.<\/span><\/li>\n<li class=\"li1\"><span class=\"s1\"><b>Rectificaci\u00f3n<\/b>: Solicitar la correcci\u00f3n de datos personales inexactos o incompletos.<\/span><\/li>\n<li class=\"li1\"><span class=\"s1\"><b>Cancelaci\u00f3n<\/b>: Pedir la eliminaci\u00f3n de tus datos personales cuando consideres que ya no son necesarios para los fines para los que fueron recopilados.<\/span><\/li>\n<li class=\"li1\"><span class=\"s1\"><b>Oposici\u00f3n<\/b>: Oponerte al tratamiento de tus datos personales en ciertos casos previstos por la ley.<\/span><\/li>\n<\/ul>\n<p class=\"p1\"><span class=\"s1\">Para ejercer cualquiera de estos derechos, por favor, contacta a [Nombre de la Organizaci\u00f3n\/Entidad] a trav\u00e9s del correo electr\u00f3nico [Correo Electr\u00f3nico] o en [Direcci\u00f3n F\u00edsica] donde te proporcionaremos m\u00e1s informaci\u00f3n sobre el proceso.<\/span><\/p>\n<p class=\"p1\"><span class=\"s1\"><b>6. Seguridad de los Datos<\/b><\/span><\/p>\n<p class=\"p1\"><span class=\"s1\">Implementamos medidas de seguridad t\u00e9cnicas y organizativas para proteger tus datos personales contra el acceso no autorizado, p\u00e9rdida, destrucci\u00f3n o divulgaci\u00f3n indebida.<\/span><\/p>\n<p class=\"p1\"><span class=\"s1\"><b>7. Cambios al Aviso de Privacidad<\/b><\/span><\/p>\n<p class=\"p1\"><span class=\"s1\">Este Aviso de Privacidad puede ser modificado o actualizado en cualquier momento para cumplir con cambios en la legislaci\u00f3n o en nuestras pol\u00edticas internas. Te recomendamos revisar peri\u00f3dicamente este aviso para estar informado sobre cualquier cambio.<\/span><\/p>\n<p class=\"p1\"><span class=\"s1\"><b>8. Contacto<\/b><\/span><\/p>\n<p class=\"p1\"><span class=\"s1\">Para cualquier duda o aclaraci\u00f3n respecto a este Aviso de Privacidad, por favor cont\u00e1ctanos en:<\/span><\/p>\n<ul>\n<li class=\"li1\"><span class=\"s1\">Correo Electr\u00f3nico: presidencia@observatorioseguridad.com<\/span><\/li>\n<li class=\"li1\"><span class=\"s1\">Direcci\u00f3n F\u00edsica:<span class=\"Apple-converted-space\"> Centenario #1842 Bosques de Tarango cp. 01580, Alvaro Obregon<\/span><\/span><\/li>\n<\/ul>\n<\/div><\/div><\/div><\/div><\/div>\n","protected":false},"excerpt":{"rendered":"","protected":false},"author":1,"featured_media":0,"parent":0,"menu_order":0,"comment_status":"closed","ping_status":"closed","template":"100-width.php","meta":{"inline_featured_image":false,"footnotes":""},"class_list":["post-210","page","type-page","status-publish","hentry"],"_links":{"self":[{"href":"https:\/\/observatorioseguridad.com\/index.php?rest_route=\/wp\/v2\/pages\/210"}],"collection":[{"href":"https:\/\/observatorioseguridad.com\/index.php?rest_route=\/wp\/v2\/pages"}],"about":[{"href":"https:\/\/observatorioseguridad.com\/index.php?rest_route=\/wp\/v2\/types\/page"}],"author":[{"embeddable":true,"href":"https:\/\/observatorioseguridad.com\/index.php?rest_route=\/wp\/v2\/users\/1"}],"replies":[{"embeddable":true,"href":"https:\/\/observatorioseguridad.com\/index.php?rest_route=%2Fwp%2Fv2%2Fcomments&post=210"}],"version-history":[{"count":4,"href":"https:\/\/observatorioseguridad.com\/index.php?rest_route=\/wp\/v2\/pages\/210\/revisions"}],"predecessor-version":[{"id":221,"href":"https:\/\/observatorioseguridad.com\/index.php?rest_route=\/wp\/v2\/pages\/210\/revisions\/221"}],"wp:attachment":[{"href":"https:\/\/observatorioseguridad.com\/index.php?rest_route=%2Fwp%2Fv2%2Fmedia&parent=210"}],"curies":[{"name":"wp","href":"https:\/\/api.w.org\/{rel}","templated":true}]}}